{"id":36,"date":"2021-08-02T15:50:14","date_gmt":"2021-08-02T13:50:14","guid":{"rendered":"https:\/\/www.wherethelightis.be\/?page_id=36"},"modified":"2021-08-02T16:18:48","modified_gmt":"2021-08-02T14:18:48","slug":"accueil","status":"publish","type":"page","link":"https:\/\/www.wherethelightis.be\/","title":{"rendered":"Accueil"},"content":{"rendered":"<p>Bienvenue sur le site de l&#8217;asbl &#8220;Where The Light Is&#8221;.<\/p>\n<p>Sur cette plateforme, vous trouverez tout ce dont vous avez besoin sur l&#8217;actualit\u00e9 de l&#8217;\u00e9cole. Informations, \u00e9v\u00e9nements, contacts et liens vers les r\u00e9seaux sociaux.<\/p>\n<p>&nbsp;<\/p>\n<p>Besoin de plus? Rendez-vous sur la page &#8220;Contacts&#8221;.<\/p>\n","protected":false},"excerpt":{"rendered":"<p>Bienvenue sur le site de l&#8217;asbl &#8220;Where The Light Is&#8221;. Sur cette plateforme, vous trouverez tout ce dont vous avez besoin sur l&#8217;actualit\u00e9 de l&#8217;\u00e9cole. Informations, \u00e9v\u00e9nements, contacts et liens vers les r\u00e9seaux sociaux. &nbsp; Besoin de plus? Rendez-vous sur la page &#8220;Contacts&#8221;.<\/p>\n","protected":false},"author":1,"featured_media":0,"parent":0,"menu_order":0,"comment_status":"closed","ping_status":"closed","template":"","meta":{"spay_email":""},"yoast_head":"<!-- This site is optimized with the Yoast SEO plugin v16.8 - https:\/\/yoast.com\/wordpress\/plugins\/seo\/ -->\n<title>Accueil - Where The Light Is<\/title>\n<meta name=\"robots\" content=\"noindex, follow, max-snippet:-1, max-image-preview:large, max-video-preview:-1\" \/>\n<meta property=\"og:locale\" content=\"fr_FR\" \/>\n<meta property=\"og:type\" content=\"article\" \/>\n<meta property=\"og:title\" content=\"Accueil - Where The Light Is\" \/>\n<meta property=\"og:description\" content=\"Bienvenue sur le site de l&#8217;asbl &#8220;Where The Light Is&#8221;. Sur cette plateforme, vous trouverez tout ce dont vous avez besoin sur l&#8217;actualit\u00e9 de l&#8217;\u00e9cole. Informations, \u00e9v\u00e9nements, contacts et liens vers les r\u00e9seaux sociaux. &nbsp; Besoin de plus? Rendez-vous sur la page &#8220;Contacts&#8221;.\" \/>\n<meta property=\"og:url\" content=\"https:\/\/www.wherethelightis.be\/\" \/>\n<meta property=\"og:site_name\" content=\"Where The Light Is\" \/>\n<meta property=\"article:modified_time\" content=\"2021-08-02T14:18:48+00:00\" \/>\n<meta name=\"twitter:card\" content=\"summary_large_image\" \/>\n<meta name=\"twitter:label1\" content=\"Dur\u00e9e de lecture est.\" \/>\n\t<meta name=\"twitter:data1\" content=\"1 minute\" \/>\n<script type=\"application\/ld+json\" class=\"yoast-schema-graph\">{\"@context\":\"https:\/\/schema.org\",\"@graph\":[{\"@type\":\"WebSite\",\"@id\":\"https:\/\/www.wherethelightis.be\/#website\",\"url\":\"https:\/\/www.wherethelightis.be\/\",\"name\":\"Where The Light Is\",\"description\":\"Votre nouvelle structure pour apprendre la musique\",\"potentialAction\":[{\"@type\":\"SearchAction\",\"target\":{\"@type\":\"EntryPoint\",\"urlTemplate\":\"https:\/\/www.wherethelightis.be\/?s={search_term_string}\"},\"query-input\":\"required name=search_term_string\"}],\"inLanguage\":\"fr-FR\"},{\"@type\":\"WebPage\",\"@id\":\"https:\/\/www.wherethelightis.be\/#webpage\",\"url\":\"https:\/\/www.wherethelightis.be\/\",\"name\":\"Accueil - Where The Light Is\",\"isPartOf\":{\"@id\":\"https:\/\/www.wherethelightis.be\/#website\"},\"datePublished\":\"2021-08-02T13:50:14+00:00\",\"dateModified\":\"2021-08-02T14:18:48+00:00\",\"breadcrumb\":{\"@id\":\"https:\/\/www.wherethelightis.be\/#breadcrumb\"},\"inLanguage\":\"fr-FR\",\"potentialAction\":[{\"@type\":\"ReadAction\",\"target\":[\"https:\/\/www.wherethelightis.be\/\"]}]},{\"@type\":\"BreadcrumbList\",\"@id\":\"https:\/\/www.wherethelightis.be\/#breadcrumb\",\"itemListElement\":[{\"@type\":\"ListItem\",\"position\":1,\"name\":\"Accueil\",\"item\":\"https:\/\/www.wherethelightis.be\/\"},{\"@type\":\"ListItem\",\"position\":2,\"name\":\"Accueil\"}]}]}<\/script>\n<!-- \/ Yoast SEO plugin. -->","yoast_head_json":{"title":"Accueil - Where The Light Is","robots":{"index":"noindex","follow":"follow","max-snippet":"max-snippet:-1","max-image-preview":"max-image-preview:large","max-video-preview":"max-video-preview:-1"},"og_locale":"fr_FR","og_type":"article","og_title":"Accueil - Where The Light Is","og_description":"Bienvenue sur le site de l&#8217;asbl &#8220;Where The Light Is&#8221;. Sur cette plateforme, vous trouverez tout ce dont vous avez besoin sur l&#8217;actualit\u00e9 de l&#8217;\u00e9cole. Informations, \u00e9v\u00e9nements, contacts et liens vers les r\u00e9seaux sociaux. &nbsp; Besoin de plus? Rendez-vous sur la page &#8220;Contacts&#8221;.","og_url":"https:\/\/www.wherethelightis.be\/","og_site_name":"Where The Light Is","article_modified_time":"2021-08-02T14:18:48+00:00","twitter_card":"summary_large_image","twitter_misc":{"Dur\u00e9e de lecture est.":"1 minute"},"schema":{"@context":"https:\/\/schema.org","@graph":[{"@type":"WebSite","@id":"https:\/\/www.wherethelightis.be\/#website","url":"https:\/\/www.wherethelightis.be\/","name":"Where The Light Is","description":"Votre nouvelle structure pour apprendre la musique","potentialAction":[{"@type":"SearchAction","target":{"@type":"EntryPoint","urlTemplate":"https:\/\/www.wherethelightis.be\/?s={search_term_string}"},"query-input":"required name=search_term_string"}],"inLanguage":"fr-FR"},{"@type":"WebPage","@id":"https:\/\/www.wherethelightis.be\/#webpage","url":"https:\/\/www.wherethelightis.be\/","name":"Accueil - Where The Light Is","isPartOf":{"@id":"https:\/\/www.wherethelightis.be\/#website"},"datePublished":"2021-08-02T13:50:14+00:00","dateModified":"2021-08-02T14:18:48+00:00","breadcrumb":{"@id":"https:\/\/www.wherethelightis.be\/#breadcrumb"},"inLanguage":"fr-FR","potentialAction":[{"@type":"ReadAction","target":["https:\/\/www.wherethelightis.be\/"]}]},{"@type":"BreadcrumbList","@id":"https:\/\/www.wherethelightis.be\/#breadcrumb","itemListElement":[{"@type":"ListItem","position":1,"name":"Accueil","item":"https:\/\/www.wherethelightis.be\/"},{"@type":"ListItem","position":2,"name":"Accueil"}]}]}},"jetpack_sharing_enabled":true,"_links":{"self":[{"href":"https:\/\/www.wherethelightis.be\/index.php\/wp-json\/wp\/v2\/pages\/36"}],"collection":[{"href":"https:\/\/www.wherethelightis.be\/index.php\/wp-json\/wp\/v2\/pages"}],"about":[{"href":"https:\/\/www.wherethelightis.be\/index.php\/wp-json\/wp\/v2\/types\/page"}],"author":[{"embeddable":true,"href":"https:\/\/www.wherethelightis.be\/index.php\/wp-json\/wp\/v2\/users\/1"}],"replies":[{"embeddable":true,"href":"https:\/\/www.wherethelightis.be\/index.php\/wp-json\/wp\/v2\/comments?post=36"}],"version-history":[{"count":3,"href":"https:\/\/www.wherethelightis.be\/index.php\/wp-json\/wp\/v2\/pages\/36\/revisions"}],"predecessor-version":[{"id":52,"href":"https:\/\/www.wherethelightis.be\/index.php\/wp-json\/wp\/v2\/pages\/36\/revisions\/52"}],"wp:attachment":[{"href":"https:\/\/www.wherethelightis.be\/index.php\/wp-json\/wp\/v2\/media?parent=36"}],"curies":[{"name":"wp","href":"https:\/\/api.w.org\/{rel}","templated":true}]}}